What is the units digit of 11505985?
5
What is the units digit of 1265702?
2
What is the units digit of 259072?
2
What is the hundreds digit of 3701938?
9
What is the thousands digit of 787726?
7
What is the hundred thousands digit of 1129531?
1
What is the millions digit of 29492373?
9
What is the thousands digit of 727368?
7
What is the units digit of 2395446?
6
What is the thousands digit of 131645?
1
What is the hundreds digit of 13561425?
4
What is the millions digit of 5014177?
5
What is the hundreds digit of 2438426?
4
What is the ten thousands digit of 4884076?
8
What is the ten thousands digit of 213196?
1
What is the hundred thousands digit of 712527?
7
What is the units digit of 490652?
2
What is the thousands digit of 7776441?
6
What is the ten thousands digit of 378268?
7
What is the hundreds digit of 1167546?
5
What is the units digit of 649380?
0
What is the ten thousands digit of 1725205?
2
What is the tens digit of 327234?
3
What is the hundred thousands digit of 1027771?
0
What is the hundred thousands digit of 1033282?
0
What is the units digit of 8585?
5
What is the ten thousands digit of 1024714?
2
What is the hundreds digit of 141111?
1
What is the hundreds digit of 1952714?
7
What is the thousands digit of 1207148?
7
What is the hundreds digit of 15040807?
8
What is the thousands digit of 182396?
2
What is the thousands digit of 54410?
4
What is the millions digit of 1187892?
1
What is the ten thousands digit of 3729136?
2
What is the hundreds digit of 12312120?
1
What is the units digit of 74212?
2
What is the hundreds digit of 7460?
4
What is the hundred thousands digit of 286748?
2
What is the ten millions digit of 30511071?
3
What is the units digit of 9025969?
9
What is the hundred thousands digit of 676030?
6
What is the tens digit of 3016015?
1
What is the tens digit of 18717?
1
What is the thousands digit of 232562?
2
What is the millions digit of 15890162?
5
What is the ten thousands digit of 1323065?
2
What is the hundred thousands digit of 1002869?
0
What is the units digit of 3318387?
7
What is the ten thousands digit of 235637?
3
What is the tens digit of 1568837?
3
What is the thousands digit of 429748?
9
What is the thousands digit of 83608?
3
What is the tens digit of 3156269?
6
What is the millions digit of 2900720?
2
What is the thousands digit of 3519730?
9
What is the units digit of 59148?
8
What is the hundreds digit of 116129?
1
What is the units digit of 58735?
5
What is the thousands digit of 827349?
7
What is the thousands digit of 250803?
0
What is the tens digit of 626528?
2
What is the ten thousands digit of 478155?
7
What is the hundred thousands digit of 15838048?
8
What is the units digit of 183392?
2
What is the units digit of 2269048?
8
What is the hundreds digit of 450819?
8
What is the millions digit of 10342303?
0
What is the units digit of 17720788?
8
What is the tens digit of 5540112?
1
What is the hundreds digit of 5444461?
4
What is the tens digit of 4604?
0
What is the tens digit of 231436?
3
What is the tens digit of 6152437?
3
What is the ten thousands digit of 136433?
3
What is the hundreds digit of 284555?
5
What is the tens digit of 794202?
0
What is the ten thousands digit of 2764749?
6
What is the units digit of 3571706?
6
What is the hundreds digit of 27735687?
6
What is the ten thousands digit of 398659?
9
What is the tens digit of 117690?
9
What is the tens digit of 2883782?
8
What is the hundred thousands digit of 852588?
8
What is the tens digit of 4145063?
6
What is the millions digit of 17714148?
7
What is the tens digit of 8208430?
3
What is the ten thousands digit of 512669?
1
What is the ten thousands digit of 169199?
6
What is the units digit of 74279?
9
What is the units digit of 14626410?
0
What is the thousands digit of 85103?
5
What is the ten millions digit of 10234475?
1
What is the thousands digit of 8925198?
5
What is the hundred thousands digit of 1628181?
6
What is the ten thousands digit of 16715819?
1
What is the hundred thousands digit of 311143?
3
What is the units digit of 637524?
4
What is the units digit of 4654?
4
What is the ten thousands digit of 1609558?
0
What is the units digit of 1353631?
1
What is the hundred thousands digit of 2839486?
8
What is the hundreds digit of 1689697?
6
What is the ten thousands digit of 6499950?
9
What is the millions digit of 2940908?
2
What is the tens digit of 1602446?
4
What is the units digit of 4238473?
3
What is the units digit of 377114?
4
What is the tens digit of 1564389?
8
What is the hundred thousands digit of 39157079?
1
What is the ten thousands digit of 1458148?
5
What is the ten millions digit of 10230765?
1
What is the units digit of 946161?
1
What is the units digit of 954614?
4
What is the units digit of 158374?
4
What is the tens digit of 210616?
1
What is the hundred thousands digit of 134457?
1
What is the hundred thousands digit of 141467?
1
What is the thousands digit of 133488?
3
What is the tens digit of 5751992?
9
What is the units digit of 247375?
5
What is the ten thousands digit of 176494?
7
What is the ten thousands digit of 3403253?
0
What is the hundreds digit of 352215?
2
What is the ten thousands digit of 117392?
1
What is the hundreds digit of 17906268?
2
What is the ten millions digit of 10232602?
1
What is the ten thousands digit of 62133?
6
What is the millions digit of 1141219?
1
What is the hundreds digit of 10577867?
8
What is the ten thousands digit of 1058790?
5
What is the millions digit of 1156715?
1
What is the hundred thousands digit of 1582978?
5
What is the millions digit of 1608373?
1
What is the hundreds digit of 971278?
2
What is the units digit of 176344?
4
What is the hundred thousands digit of 4780997?
7
What is the thousands digit of 18243?
8
What is the hundreds digit of 1132066?
0
What is the ten thousands digit of 1475776?
7
What is the units digit of 2403990?
0
What is the hundred thousands digit of 545080?
5
What is the millions digit of 2882453?
2
What is the hundreds digit of 1562532?
5
What is the units digit of 1101031?
1
What is the tens digit of 331557?
5
What is the hundreds digit of 134099?
0
What is the hundreds digit of 4258900?
9
What is the millions digit of 1313456?
1
What is the millions digit of 9042380?
9
What is the ten thousands digit of 850344?
5
What is the hundred thousands digit of 536321?
5
What is the thousands digit of 88973?
8
What is the millions digit of 1881544?
1
What is the tens digit of 25983660?
6
What is the hundreds digit of 405535?
5
What is the hundred thousands digit of 1627235?
6
What is the units digit of 382381?
1
What is the hundred thousands digit of 1482974?
4
What is the units digit of 3417506?
6
What is the tens digit of 1001989?
8
What is the hundred thousands digit of 1169709?
1
What is the hundred thousands digit of 505302?
5
What is the hundreds digit of 6149253?
2
What is the hundred thousands digit of 130681?
1
What is the ten thousands digit of 5033644?
3
What is the thousands digit of 3611308?
1
What is the hundreds digit of 6302304?
3
What is the hundred thousands digit of 403050?
4
What is the tens digit of 156232?
3
What is the hundreds digit of 367910?
9
What is the units digit of 40383017?
7
What is the units digit of 139241?
1
What is the millions digit of 7846215?
7
What is the hundred thousands digit of 4377966?
3
What is the units digit of 614315?
5
What is the hundred thousands digit of 246248?
2
What is the hundred thousands digit of 4337588?
3
What is the tens digit of 536210?
1
What is the millions digit of 18892414?
8
What is the hundred thousands digit of 195876?
1
What is the units digit of 25202747?
7
What is the units digit of 359385?
5
What is the thousands digit of 741027?
1
What is the tens digit of 2960640?
4
What is the hundreds digit of 20172?
1
What is the ten thousands digit of 1555527?
5
What is the tens digit of 10864384?
8
What is the thousands digit of 492818?
2
What is the units digit of 721387?
7
What is the millions digit of 1239241?
1
What is the millions digit of 3613817?
3
What is the hundred thousands digit of 1680902?
6
What is the tens digit of 13524688?
8
What is the millions digit of 2506800?
2
What is the tens digit of 12534296?
9
What is the ten thous